{"id":2,"date":"2014-11-28T15:15:47","date_gmt":"2014-11-28T15:15:47","guid":{"rendered":"http:\/\/www.philippeau.eu\/blog\/?page_id=2"},"modified":"2018-11-15T16:51:48","modified_gmt":"2018-11-15T15:51:48","slug":"a-propos","status":"publish","type":"page","link":"https:\/\/www.philippeau.eu\/blog\/a-propos\/","title":{"rendered":"\u00e0 propos"},"content":{"rendered":"<h2>\u00c0 propos&#8230;<\/h2>\n<p style=\"text-align: justify;\">\u00c0 propos de moi, de cette maladie et l&rsquo;incidence psychologique de son irruption dans ma vie, que puis-je vous dire qui pourrait vous \u00eatre utile ?<\/p>\n<p style=\"text-align: justify;\">Je vous livre ici, dans la partie du blog \u00ab\u00a0<a title=\"Mon Cancer du Poumon\" href=\"http:\/\/www.philippeau.eu\/blog\/cancer-du-poumon\/\">Mon cancer du poumon<\/a>\u00ab\u00a0, mon parcours personnel (examens, traitements, effets ind\u00e9sirables, s\u00e9quelles, etc.), mais aussi mes pens\u00e9es, mes craintes. Dans chaque page j&rsquo;ai incorpor\u00e9 les meilleurs liens* que j&rsquo;ai trouv\u00e9s sur internet pour r\u00e9pondre aux questions que je me suis pos\u00e9es.<br \/>\nMon t\u00e9moignage dans ces pages est depuis le 23 f\u00e9vrier 2013, compl\u00e9t\u00e9 par des articles publi\u00e9s au fil du temps et regroup\u00e9s dans les cat\u00e9gories\u00a0<a title=\"Articles en rapport avec mon cancer du poumon\" href=\"http:\/\/www.philippeau.eu\/blog\/category\/cancer-poumon\/\" target=\"_blank\" rel=\"noopener\">cancer-poumon<\/a>, <a href=\"http:\/\/www.philippeau.eu\/blog\/?s=douleurs+neuropathiques\" target=\"_blank\" rel=\"noopener\">douleurs neuropathiques<\/a> ou encore <a href=\"http:\/\/www.philippeau.eu\/blog\/?s=Qutenza\" target=\"_blank\" rel=\"noopener\">Qutenza<\/a> .<\/p>\n<h4>Membres<\/h4>\n<p><span style=\"color: #ff0000;\"><em><strong>Peut-\u00eatre plus de contenu pour les membres&#8230; <\/strong><\/em><\/span><\/p>\n<p style=\"text-align: justify;\">Vous trouverez sur le reste du blog, tout ce qui un jour est entr\u00e9 dans mon espace vital, m&rsquo;a assez marqu\u00e9 et que j&rsquo;ai envie de partager avec vous. Que cela fasse toujours parti de ma vie ou non. Certains contenus peuvent \u00eatre accessibles uniquement pour les membres.<\/p>\n<p>Il ne me reste qu&rsquo;\u00e0 vous souhaiter une bonne visite !<\/p>\n<h4>Copyright<\/h4>\n<p style=\"text-align: justify;\">Note : Les textes, photographies, musiques, vid\u00e9os et autres contenus pr\u00e9sents dans ce blog sont soumis aux <a href=\"https:\/\/www.inpi.fr\/fr\/comprendre-la-propriete-intellectuelle\/les-autres-modes-de-protection\/le-droit-dauteur\" target=\"_blank\" rel=\"noopener\">droits d\u2019auteur<\/a> et au <a href=\"https:\/\/www.legifrance.gouv.fr\/affichCode.do?cidTexte=LEGITEXT000006069414&amp;dateTexte=20181115\" target=\"_blank\" rel=\"noopener\">code de la propri\u00e9t\u00e9 intellectuelle<\/a>. Leur utilisation est interdite sans mon autorisation ou celle de leur auteur. Seul le partage sur les r\u00e9seaux sociaux est autoris\u00e9 si les boutons pr\u00e9vus \u00e0 cet effet sont disponibles.<\/p>\n<p>*J&rsquo;essaye de v\u00e9rifier r\u00e9guli\u00e8rement et si besoin remplacer les liens devenus obsol\u00e8tes. Il se peut mal gr\u00e8s tout que vous en trouviez. Vous pouvez \u00e9ventuellement m&rsquo;en avertir via le <a href=\"http:\/\/www.philippeau.eu\/blog\/a-propos\/contact\/\">formulaire de contact<\/a>. Merci<\/p>\n","protected":false},"excerpt":{"rendered":"<p>\u00c0 propos&#8230; \u00c0 propos de moi, de cette maladie et l&rsquo;incidence psychologique de son irruption dans ma vie, que puis-je vous dire qui pourrait vous \u00eatre utile ? Je vous livre ici, dans la partie&#8230;<\/p>\n<div class=\"more-link-wrapper\"><a class=\"more-link\" href=\"https:\/\/www.philippeau.eu\/blog\/a-propos\/\"><span class=\"more-text\">Continuer la lecture<\/span><\/a><\/div>\n","protected":false},"author":1,"featured_media":67712,"parent":0,"menu_order":8,"comment_status":"closed","ping_status":"closed","template":"","meta":{"jetpack_post_was_ever_published":false,"footnotes":""},"class_list":["post-2","page","type-page","status-publish","has-post-thumbnail","hentry","post"],"yoast_head":"<!-- This site is optimized with the Yoast SEO plugin v27.4 - https:\/\/yoast.com\/product\/yoast-seo-wordpress\/ -->\n<title>\u00e0 propos - philippeau.eu<\/title>\n<meta name=\"description\" content=\"Page \u00e0 propos du blog Mon cancer du poumon. Un blog t\u00e9moignage d&#039;un homme atteint d&#039;un cancer du poumon, Ad\u00e9nocarcinome bronchique p T2aN1M0.\" \/>\n<meta name=\"robots\" content=\"index, follow, max-snippet:-1, max-image-preview:large, max-video-preview:-1\" \/>\n<link rel=\"canonical\" href=\"https:\/\/www.philippeau.eu\/blog\/a-propos\/\" \/>\n<meta property=\"og:locale\" content=\"fr_FR\" \/>\n<meta property=\"og:type\" content=\"article\" \/>\n<meta property=\"og:title\" content=\"\u00e0 propos - philippeau.eu\" \/>\n<meta property=\"og:description\" content=\"Page \u00e0 propos du blog Mon cancer du poumon. Un blog t\u00e9moignage d&#039;un homme atteint d&#039;un cancer du poumon, Ad\u00e9nocarcinome bronchique p T2aN1M0.\" \/>\n<meta property=\"og:url\" content=\"https:\/\/www.philippeau.eu\/blog\/a-propos\/\" \/>\n<meta property=\"og:site_name\" content=\"philippeau.eu\" \/>\n<meta property=\"article:publisher\" content=\"https:\/\/www.facebook.com\/laurent.philippeau\" \/>\n<meta property=\"article:modified_time\" content=\"2018-11-15T15:51:48+00:00\" \/>\n<meta property=\"og:image\" content=\"https:\/\/www.philippeau.eu\/blog\/wp-content\/uploads\/2018\/11\/Image_mise_en_avant_A_propos.jpg\" \/>\n\t<meta property=\"og:image:width\" content=\"933\" \/>\n\t<meta property=\"og:image:height\" content=\"700\" \/>\n\t<meta property=\"og:image:type\" content=\"image\/jpeg\" \/>\n<meta name=\"twitter:card\" content=\"summary_large_image\" \/>\n<meta name=\"twitter:label1\" content=\"Dur\u00e9e de lecture estim\u00e9e\" \/>\n\t<meta name=\"twitter:data1\" content=\"1 minute\" \/>\n<script type=\"application\/ld+json\" class=\"yoast-schema-graph\">{\"@context\":\"https:\\\/\\\/schema.org\",\"@graph\":[{\"@type\":\"WebPage\",\"@id\":\"https:\\\/\\\/www.philippeau.eu\\\/blog\\\/a-propos\\\/\",\"url\":\"https:\\\/\\\/www.philippeau.eu\\\/blog\\\/a-propos\\\/\",\"name\":\"\u00e0 propos - philippeau.eu\",\"isPartOf\":{\"@id\":\"https:\\\/\\\/www.philippeau.eu\\\/blog\\\/#website\"},\"primaryImageOfPage\":{\"@id\":\"https:\\\/\\\/www.philippeau.eu\\\/blog\\\/a-propos\\\/#primaryimage\"},\"image\":{\"@id\":\"https:\\\/\\\/www.philippeau.eu\\\/blog\\\/a-propos\\\/#primaryimage\"},\"thumbnailUrl\":\"https:\\\/\\\/www.philippeau.eu\\\/blog\\\/wp-content\\\/uploads\\\/2018\\\/11\\\/Image_mise_en_avant_A_propos.jpg\",\"datePublished\":\"2014-11-28T15:15:47+00:00\",\"dateModified\":\"2018-11-15T15:51:48+00:00\",\"description\":\"Page \u00e0 propos du blog Mon cancer du poumon. Un blog t\u00e9moignage d'un homme atteint d'un cancer du poumon, Ad\u00e9nocarcinome bronchique p T2aN1M0.\",\"breadcrumb\":{\"@id\":\"https:\\\/\\\/www.philippeau.eu\\\/blog\\\/a-propos\\\/#breadcrumb\"},\"inLanguage\":\"fr-FR\",\"potentialAction\":[{\"@type\":\"ReadAction\",\"target\":[\"https:\\\/\\\/www.philippeau.eu\\\/blog\\\/a-propos\\\/\"]}]},{\"@type\":\"ImageObject\",\"inLanguage\":\"fr-FR\",\"@id\":\"https:\\\/\\\/www.philippeau.eu\\\/blog\\\/a-propos\\\/#primaryimage\",\"url\":\"https:\\\/\\\/www.philippeau.eu\\\/blog\\\/wp-content\\\/uploads\\\/2018\\\/11\\\/Image_mise_en_avant_A_propos.jpg\",\"contentUrl\":\"https:\\\/\\\/www.philippeau.eu\\\/blog\\\/wp-content\\\/uploads\\\/2018\\\/11\\\/Image_mise_en_avant_A_propos.jpg\",\"width\":933,\"height\":700,\"caption\":\"\u00c0 propos\"},{\"@type\":\"BreadcrumbList\",\"@id\":\"https:\\\/\\\/www.philippeau.eu\\\/blog\\\/a-propos\\\/#breadcrumb\",\"itemListElement\":[{\"@type\":\"ListItem\",\"position\":1,\"name\":\"Accueil\",\"item\":\"https:\\\/\\\/www.philippeau.eu\\\/blog\\\/\"},{\"@type\":\"ListItem\",\"position\":2,\"name\":\"\u00e0 propos\"}]},{\"@type\":\"WebSite\",\"@id\":\"https:\\\/\\\/www.philippeau.eu\\\/blog\\\/#website\",\"url\":\"https:\\\/\\\/www.philippeau.eu\\\/blog\\\/\",\"name\":\"philippeau.eu\",\"description\":\"\",\"publisher\":{\"@id\":\"https:\\\/\\\/www.philippeau.eu\\\/blog\\\/#\\\/schema\\\/person\\\/d0321ac69485a2fa34a86270145a4038\"},\"potentialAction\":[{\"@type\":\"SearchAction\",\"target\":{\"@type\":\"EntryPoint\",\"urlTemplate\":\"https:\\\/\\\/www.philippeau.eu\\\/blog\\\/?s={search_term_string}\"},\"query-input\":{\"@type\":\"PropertyValueSpecification\",\"valueRequired\":true,\"valueName\":\"search_term_string\"}}],\"inLanguage\":\"fr-FR\"},{\"@type\":[\"Person\",\"Organization\"],\"@id\":\"https:\\\/\\\/www.philippeau.eu\\\/blog\\\/#\\\/schema\\\/person\\\/d0321ac69485a2fa34a86270145a4038\",\"name\":\"Laurent\",\"image\":{\"@type\":\"ImageObject\",\"inLanguage\":\"fr-FR\",\"@id\":\"https:\\\/\\\/www.philippeau.eu\\\/blog\\\/wp-content\\\/uploads\\\/2020\\\/11\\\/cropped-PL_logo_initiales_img.png\",\"url\":\"https:\\\/\\\/www.philippeau.eu\\\/blog\\\/wp-content\\\/uploads\\\/2020\\\/11\\\/cropped-PL_logo_initiales_img.png\",\"contentUrl\":\"https:\\\/\\\/www.philippeau.eu\\\/blog\\\/wp-content\\\/uploads\\\/2020\\\/11\\\/cropped-PL_logo_initiales_img.png\",\"width\":512,\"height\":512,\"caption\":\"Laurent\"},\"logo\":{\"@id\":\"https:\\\/\\\/www.philippeau.eu\\\/blog\\\/wp-content\\\/uploads\\\/2020\\\/11\\\/cropped-PL_logo_initiales_img.png\"},\"description\":\"Propri\u00e9taire et webmaster du site www.philippeau.eu\",\"sameAs\":[\"https:\\\/\\\/www.philippeau.eu\",\"https:\\\/\\\/www.facebook.com\\\/laurent.philippeau\",\"https:\\\/\\\/www.youtube.com\\\/channel\\\/UCgwFBEt9Dv03TyDiBPNGL-Q\"]}]}<\/script>\n<!-- \/ Yoast SEO plugin. -->","yoast_head_json":{"title":"\u00e0 propos - philippeau.eu","description":"Page \u00e0 propos du blog Mon cancer du poumon. Un blog t\u00e9moignage d'un homme atteint d'un cancer du poumon, Ad\u00e9nocarcinome bronchique p T2aN1M0.","robots":{"index":"index","follow":"follow","max-snippet":"max-snippet:-1","max-image-preview":"max-image-preview:large","max-video-preview":"max-video-preview:-1"},"canonical":"https:\/\/www.philippeau.eu\/blog\/a-propos\/","og_locale":"fr_FR","og_type":"article","og_title":"\u00e0 propos - philippeau.eu","og_description":"Page \u00e0 propos du blog Mon cancer du poumon. Un blog t\u00e9moignage d'un homme atteint d'un cancer du poumon, Ad\u00e9nocarcinome bronchique p T2aN1M0.","og_url":"https:\/\/www.philippeau.eu\/blog\/a-propos\/","og_site_name":"philippeau.eu","article_publisher":"https:\/\/www.facebook.com\/laurent.philippeau","article_modified_time":"2018-11-15T15:51:48+00:00","og_image":[{"width":933,"height":700,"url":"https:\/\/www.philippeau.eu\/blog\/wp-content\/uploads\/2018\/11\/Image_mise_en_avant_A_propos.jpg","type":"image\/jpeg"}],"twitter_card":"summary_large_image","twitter_misc":{"Dur\u00e9e de lecture estim\u00e9e":"1 minute"},"schema":{"@context":"https:\/\/schema.org","@graph":[{"@type":"WebPage","@id":"https:\/\/www.philippeau.eu\/blog\/a-propos\/","url":"https:\/\/www.philippeau.eu\/blog\/a-propos\/","name":"\u00e0 propos - philippeau.eu","isPartOf":{"@id":"https:\/\/www.philippeau.eu\/blog\/#website"},"primaryImageOfPage":{"@id":"https:\/\/www.philippeau.eu\/blog\/a-propos\/#primaryimage"},"image":{"@id":"https:\/\/www.philippeau.eu\/blog\/a-propos\/#primaryimage"},"thumbnailUrl":"https:\/\/www.philippeau.eu\/blog\/wp-content\/uploads\/2018\/11\/Image_mise_en_avant_A_propos.jpg","datePublished":"2014-11-28T15:15:47+00:00","dateModified":"2018-11-15T15:51:48+00:00","description":"Page \u00e0 propos du blog Mon cancer du poumon. Un blog t\u00e9moignage d'un homme atteint d'un cancer du poumon, Ad\u00e9nocarcinome bronchique p T2aN1M0.","breadcrumb":{"@id":"https:\/\/www.philippeau.eu\/blog\/a-propos\/#breadcrumb"},"inLanguage":"fr-FR","potentialAction":[{"@type":"ReadAction","target":["https:\/\/www.philippeau.eu\/blog\/a-propos\/"]}]},{"@type":"ImageObject","inLanguage":"fr-FR","@id":"https:\/\/www.philippeau.eu\/blog\/a-propos\/#primaryimage","url":"https:\/\/www.philippeau.eu\/blog\/wp-content\/uploads\/2018\/11\/Image_mise_en_avant_A_propos.jpg","contentUrl":"https:\/\/www.philippeau.eu\/blog\/wp-content\/uploads\/2018\/11\/Image_mise_en_avant_A_propos.jpg","width":933,"height":700,"caption":"\u00c0 propos"},{"@type":"BreadcrumbList","@id":"https:\/\/www.philippeau.eu\/blog\/a-propos\/#breadcrumb","itemListElement":[{"@type":"ListItem","position":1,"name":"Accueil","item":"https:\/\/www.philippeau.eu\/blog\/"},{"@type":"ListItem","position":2,"name":"\u00e0 propos"}]},{"@type":"WebSite","@id":"https:\/\/www.philippeau.eu\/blog\/#website","url":"https:\/\/www.philippeau.eu\/blog\/","name":"philippeau.eu","description":"","publisher":{"@id":"https:\/\/www.philippeau.eu\/blog\/#\/schema\/person\/d0321ac69485a2fa34a86270145a4038"},"potentialAction":[{"@type":"SearchAction","target":{"@type":"EntryPoint","urlTemplate":"https:\/\/www.philippeau.eu\/blog\/?s={search_term_string}"},"query-input":{"@type":"PropertyValueSpecification","valueRequired":true,"valueName":"search_term_string"}}],"inLanguage":"fr-FR"},{"@type":["Person","Organization"],"@id":"https:\/\/www.philippeau.eu\/blog\/#\/schema\/person\/d0321ac69485a2fa34a86270145a4038","name":"Laurent","image":{"@type":"ImageObject","inLanguage":"fr-FR","@id":"https:\/\/www.philippeau.eu\/blog\/wp-content\/uploads\/2020\/11\/cropped-PL_logo_initiales_img.png","url":"https:\/\/www.philippeau.eu\/blog\/wp-content\/uploads\/2020\/11\/cropped-PL_logo_initiales_img.png","contentUrl":"https:\/\/www.philippeau.eu\/blog\/wp-content\/uploads\/2020\/11\/cropped-PL_logo_initiales_img.png","width":512,"height":512,"caption":"Laurent"},"logo":{"@id":"https:\/\/www.philippeau.eu\/blog\/wp-content\/uploads\/2020\/11\/cropped-PL_logo_initiales_img.png"},"description":"Propri\u00e9taire et webmaster du site www.philippeau.eu","sameAs":["https:\/\/www.philippeau.eu","https:\/\/www.facebook.com\/laurent.philippeau","https:\/\/www.youtube.com\/channel\/UCgwFBEt9Dv03TyDiBPNGL-Q"]}]}},"jetpack_likes_enabled":true,"jetpack_sharing_enabled":false,"_links":{"self":[{"href":"https:\/\/www.philippeau.eu\/blog\/wp-json\/wp\/v2\/pages\/2","targetHints":{"allow":["GET"]}}],"collection":[{"href":"https:\/\/www.philippeau.eu\/blog\/wp-json\/wp\/v2\/pages"}],"about":[{"href":"https:\/\/www.philippeau.eu\/blog\/wp-json\/wp\/v2\/types\/page"}],"author":[{"embeddable":true,"href":"https:\/\/www.philippeau.eu\/blog\/wp-json\/wp\/v2\/users\/1"}],"replies":[{"embeddable":true,"href":"https:\/\/www.philippeau.eu\/blog\/wp-json\/wp\/v2\/comments?post=2"}],"version-history":[{"count":3,"href":"https:\/\/www.philippeau.eu\/blog\/wp-json\/wp\/v2\/pages\/2\/revisions"}],"predecessor-version":[{"id":67734,"href":"https:\/\/www.philippeau.eu\/blog\/wp-json\/wp\/v2\/pages\/2\/revisions\/67734"}],"wp:featuredmedia":[{"embeddable":true,"href":"https:\/\/www.philippeau.eu\/blog\/wp-json\/wp\/v2\/media\/67712"}],"wp:attachment":[{"href":"https:\/\/www.philippeau.eu\/blog\/wp-json\/wp\/v2\/media?parent=2"}],"curies":[{"name":"wp","href":"https:\/\/api.w.org\/{rel}","templated":true}]}}